= m**2 + 3*m. Let y be k(-4). What is f(y)?
4
Let o(b) = -3*b**2 - 14*b. Let c(y) = -y**2 - 5*y. Let t(x) = 17*c(x) - 6*o(x). Let i(q) = -2*q**2 - 2*q - 6. Let w(u) = i(u) + t(u). What is w(-4)?
-10
Let s(t) = -t**3 - 2*t**2 - t - 2. Let q be 1/2 + (-104)/16. Let j = -8 - q. Calculate s(j).
0
Let c(f) be the first derivative of f**2/2 + 4*f + 1. What is c(-5)?
-1
Let t(m) = 15*m**2 + 10*m + 8. Let u(o) = -5*o - 5*o**2 - 2*o**2 - 4 + 0*o**2. Let g(f) = 6*t(f) + 13*u(f). What is g(-6)?
-10
Let l be (-5)/(-4) - (-1)/(-4). Suppose -21 = -5*o - l. Let t(y) = -o*y**2 - 1 + 2*y**2 + 3*y**2 + 2*y. What is t(-2)?
-1
Suppose -5*a = 2 - 12. Let s(x) = x - a*x + 5 + 0*x. Let p(c) = 4*c + 11. Let g be p(-4). Determine s(g).
10
Let l(p) = -4*p**3 - 2*p - 3. Let b be -2 + 3 - -3 - 8. Let r(a) = -5*a**3 + a**2 - 2*a - 3. Let z(o) = b*l(o) + 3*r(o). Determine z(-2).
3
Let o(w) = 6*w**3 - 2 + w**2 + 0*w + 1 + 0*w. What is o(-1)?
-6
Let x(y) = 2*y**3 + y + y**2 - 3*y**2 + 0*y. Suppose -4*t = -3*t - 1. What is x(t)?
1
Let p(g) = 5*g**2 - 1. Suppose -b = -5*a - 24, -2*b + 2*a + 18 - 2 = 0. Suppose -v = -3*v - s + b, -5*v + 5*s = 5. Determine p(v).
4
Let u(l) = 2*l**2 - 3*l - 1. Let r be (-2)/(-2 + 20/9). Let g = r + 17. Let b = g + -5. Determine u(b).
8
Suppose z - 5 = -2*r + 6, -12 = -3*z + r. Suppose -4*l + m = 16 - 4, z*l + 14 = m. Let q = 1 - l. Let x(c) = c**3 - c**2 - 5*c + 3. Give x(q).
6
Let m = 3 - 2. Let g(q) = -q + 0 + 3 - m + 2. Give g(6).
-2
Suppose j = -j. Let k(v) = 4*v - v**2 + v - 2 + j*v. Let y(f) = -f**3 - 7*f**2 - 8*f - 8. Let w be y(-6). Calculate k(w).
2
Suppose 4*t + 12 = 6*t. Let u(p) = p**2 - 5*p - 2. Give u(t).
4
Let x = 12 - 8. Let v(q) = 1 + x*q**3 - 18*q**2 + 18*q**2. Let p = 8 + -7. Give v(p).
5
Let g(j) = -j**3 - 8*j**2 - 5*j - 2. Let y(r) = -r**3 - 9*r**2 - 6*r - 2. Let u(l) = 6*g(l) - 5*y(l). What is u(-4)?
14
Suppose 3*b = -w + 3*w - 4, -b = -w + 2. Let u(t) = -3*t + 5*t - 3 + t**2 + b + 2*t. Determine u(-3).
-6
Suppose -3*o = -11 - 4. Let c(k) = -7*k + 13*k - o*k + 5. What is c(-5)?
0
Let z be 3/((-4)/8*-2). Suppose 0*h = z*h + 18. Let s(p) = -p**3 - 5*p**2 + 7*p + 7. Give s(h).
1
Let x(y) = y + 1 - y**2 + 4 - 2. Calculate x(0).
3
Let r(f) = -f**2 + 1. Let d(k) = -5*k**2 + 2*k + 9. Let x(u) = -d(u) + 4*r(u). What is x(5)?
10
Let i(r) = r**2 + r + 1. Suppose 0 = -3*u - 2*d + 2, -5*d = 2*u - 5*u + 37. Let c = u + -1. Suppose -3*j = -5*a + 2*a - 3, c*a + 2*j = -13. What is i(a)?
7
Let q(i) = 4*i**3 - i**2 + i. Let v be q(1). Let y(w) = 7 - 4*w**2 - 8 + w - 1 + w**3. Give y(v).
2
Let r(v) be the second derivative of v**6/360 - v**5/60 - 5*v**4/24 + v**3/3 + 3*v. Let n(l) be the second derivative of r(l). Calculate n(4).
3
Let b(s) be the second derivative of s**5/20 + s**4/12 - s**3/2 - s**2 + s. Suppose 0 = 2*i - 4*z + z + 5, z = 4*i + 5. Let q be -1*(-5 + 3)/i. Determine b(q).
0
Let l(x) = -3*x**3 - x - 1. Suppose 0 = 3*q + r + 5, -2*q - 3*q = r + 7. Give l(q).
3
Suppose -3*r + 9*w = 4*w + 15, 2*r - 4*w + 12 = 0. Let u(h) be the third derivative of h**4/24 + h**3/2 - 18*h**2. Give u(r).
3
Let w(f) = 10*f**3 + 37*f**2 + 3*f + 36. Let y(b) = -3*b**3 - 12*b**2 - b - 12. Let c(g) = 2*w(g) + 7*y(g). What is c(-10)?
-2
Let z(k) = -17*k + 54*k - 19*k - 19*k. Give z(6).
-6
Let o(k) = -2*k**2 + 4*k + 3. Suppose 0 = 7*f - 5*f. Let x(m) = 5*m + 9 - 2*m**2 - 5 + f*m**2. Let d(t) = 5*o(t) - 4*x(t). What is d(-1)?
-3
Suppose 155 = 4*o + 139. Let i(g) = -g**3 + 4*g**2 + 3. Calculate i(o).
3
Let p(z) be the first derivative of -z**4/4 - 5*z**3/3 - 2*z**2 + 4*z + 8. Determine p(-4).
4
Let j(t) be the second derivative of -t**5/20 - 2*t**4/3 - 4*t**3/3 - 9*t**2/2 - 20*t. What is j(-7)?
-2
Let u(c) = -c**3 + 4*c**2 + 5*c - 4. Let w be (0 + 3)/3 - 7. Let d be w/(((-60)/8)/5). Determine u(d).
16
Let c(w) = w + 2. Let r(s) = -9*s. Let l be r(1). Suppose -2*u - 2*i = 16, 6*u + 20 = 2*u - i. Let a = l - u. Calculate c(a).
-3
Let c(d) be the second derivative of -d**5/4 - d**4/12 + d**3/6 - d**2/2 + 2*d. Let i = 2 + -2. Suppose i*v + 5 = 5*v. What is c(v)?
-6
Suppose 0 = -4*g + 19 + 1. Suppose 0 = -2*x - x + 4*b + 10, g*x = 4*b + 14. Let q(c) = -6*c + 2. Give q(x).
-10
Let y(j) = j**2 + 5*j - 1. Let i(x) = -x**2 + 3. Let q be i(3). Determine y(q).
5
Let s be 15/(-2)*12/18. Let i(l) = l + 6. Determine i(s).
1
Let u be 1 - (-1 + -5 + 3). Suppose -d = d - u. Let i(s) = 2*s**2 - s. Calculate i(d).
6
Let a(f) be the third derivative of f**5/60 - f**4/24 + 5*f**3/6 - f**2. Suppose -3*z - 3*n + 7 - 16 = 0, -n = -3*z + 3. Determine a(z).
5
Let f(d) = d + 6. Let p be f(-3). Let z(v) be the third derivative of 0 - 1/24*v**4 + v**2 - 1/2*v**p + 0*v. Determine z(-5).
2
Suppose 0 = 2*j - 6*j - 4*b + 28, b = 3*j - 9. Let z(a) = a**3 - 5*a**2 + 5*a + 3. Calculate z(j).
7
Let z(h) be the first derivative of h**3/6 - 5*h**2/2 - 3*h + 1. Let t(i) be the first derivative of z(i). Determine t(5).
0
Let p(m) = -m - 7. Let c be (2/3)/(-5 + (-534)/(-108)). Give p(c).
5
Let n = 6 + 2. Let u be 42/n - (-4)/(-16). Let x(w) = w + 3. What is x(u)?
8
Let f = -2 - -4. Let y(l) = -2 - 5 + f*l + 0 - l. What is y(5)?
-2
Let m(z) = -2*z**2 - 4*z - 3. Let u be m(-2). Let y(o) = 7*o**2 - 2*o**2 + 2 + 3*o + 2 - 2 + o**3. Determine y(u).
11
Let o(m) = 3*m + 27. Let g be o(-11). Let s(p) = -p - 1. Calculate s(g).
5
Let l(w) = w**3 + 9*w**2 - 10*w + 5. Let z be 2/(-4) + (-15)/(-30) - 10. Calculate l(z).
5
Suppose -5*g - 7 = -r - 0*r, -2*r - 2*g - 10 = 0. Let w be r/((-2)/((-32)/12)). Let v(s) = s**3 + 5*s**2 + 6*s + 6. Calculate v(w).
-2
Let o(a) = a**3 - a**2 + a + 8. Suppose 4*s = 2*z + 4, -4*s - 5*z - 13 = -3. Calculate o(s).
8
Let q(s) = s**3 + 7*s**2 - 3*s - 21. Let j be q(-7). Let z(u) = -u**3 + u**2 + u + 1. Calculate z(j).
1
Let u(s) be the first derivative of -s**2/2 + s + 1. Let a(h) = -h - 5. Let y be 0/(-10)*(-2)/(-4). Let f be a(y). Determine u(f).
6
Let d(a) = -a**2 + 10*a. Let v(r) = 2*r**2 - 21*r. Let p(q) = -9*d(q) - 4*v(q). Let i = -6 + 7. Let x be -2 - i - -5 - -3. Give p(x).
-5
Let b(x) = x + x**3 + 3*x - 3 - 4*x + 4*x**2. Let y(w) = 4*w**2 - 2*w - 2. Let v be y(-2). Let j be (-50)/v + (-4)/18. Calculate b(j).
6
Let s(j) = 2*j + 11. Let p be s(-8). Let q(d) = -10*d**3 - 12*d**2 + 5*d. Let z(u) = 7*u**3 + 8*u**2 - 3*u. Let i(w) = 5*q(w) + 7*z(w). Calculate i(p).
5
Let n(w) be the first derivative of 0*w**2 - w - 1 + 1/3*w**3. Determine n(2).
3
Let f(t) = t**2 + 6*t - 10. Let v be f(-8). Let n be -3 - 0/(-3) - -6. Let l(o) = -n*o - o + 5*o - 7. What is l(v)?
-1
Let f(g) = 3*g - 12. Let v(q) = q - 4. Let i(w) = 2*f(w) - 7*v(w). Let n(x) = -x**2 - 23*x + 55. Let t be n(-25). Determine i(t).
-1
Suppose -y = 4*y + 4*p + 141, 2*y + 46 = p. Let n be (-1)/2 + y/(-10). Let j(s) = 2*s + 4 - 3*s**2 + s**3 + s - 3*s**n. Determine j(5).
-6
Let r(u) = u - 1. Let v(t) = t. Let n(y) = 4*r(y) - 5*v(y). Let s be (6 - 5)*(-1 - -12). Let d = s + -15. Calculate n(d).
0
Let l(p) = 8*p + 14. Let t(j) = -3*j - 5. Let z be (-10 - -1) + (-1 - -1). Let a be 6*(-3 - 21/z). Let u(h) = a*l(h) - 11*t(h). Calculate u(3).
2
Let g = 13/15 + -1/5. Let l(a) be the first derivative of -g*a**3 + 3 - 2*a + 2*a**2. Calculate l(2).
-2
Let a(u) = u - 8. Suppose -2*s - 2*n - 14 = 0, 0 = 4*s + 5*n - 10 + 40. Let o(f) = -f**3 - 4*f**2 + 5*f. Let i be o(s). Determine a(i).
-8
Let f(x) = 1. Let w(z) = z**2 + 5*z - 9. Suppose 2*b + 5*m = -b + 40, 0 = -b - 3*m + 20. Let u(i) = b*f(i) + w(i). Give u(-6).
2
Let m(q) = 0*q + q + 0*q + 7. Determine m(0).
7
Let a be ((-3)/(-21))/(36/42). Let j(g) be the second derivative of -a*g**3 + 0 - 2*g - 1/12*g**4 - 11/2*g**2. Determine j(0).
-11
Let m(u) be the third derivative of u**5/20 + u**4/24 - 5*u**2. Determine m(1).
4
Let p(t) = t. Let d(b) = -b**2 - 3*b + 4. Let r be d(-3). Let n be r/6 + (-2)/(-6). Suppose 5*s - 4*s = -n. What is p(s)?
-1
Let k = -6 + 6. Suppose k*o - o = -r - 1, r + 4*o = -21. Let h(j) = j**2 + 5*j - 5. Give h(r).
-5
Let p = 7 + -3. Let y be (12/(-30))/((-2)/20). Let b(u) = -1 + 3*u**2 - y*u + u + 2*u - 2*u**2. Determine b(p).
11
Let k = -116 + 110. Let b(a) = a + 4. Calculate b(k).
-2
Let b = -8 + 5. Let c = -1 - b. Let s(q) = -c*q + 3 + 0 - 4. Give s(-5).
9
Let g(i) = -i + 2. Let a(o) = -o - 4. Suppose n - 3*n - 2*r - 22 = 0, -41 = 3*n + 5*r. Let b be a(n